{"id":701,"date":"2014-09-03T11:20:19","date_gmt":"2014-09-03T09:20:19","guid":{"rendered":"http:\/\/www.aqualaine.be\/?page_id=701"},"modified":"2023-09-29T10:41:04","modified_gmt":"2023-09-29T08:41:04","slug":"the-visit-of-leopold-ii-in-verviers","status":"publish","type":"page","link":"https:\/\/www.aqualaine.be\/en\/the-visit-of-leopold-ii-in-verviers\/","title":{"rendered":"The visit of Leopold II in Verviers"},"content":{"rendered":"<p>L&#8217;industrie textile Vervi\u00e9toise est \u00e0 l&#8217;origine de l&#8217;existence du barrage de la Gileppe. L\u00e9opold II en d\u00e9cida la construction dans le cadre de sa politique de grands travaux. Il l&#8217;inaugura en 1878 et fit \u00e0 cette occasion une visite de notre ville. Avec Emilia Godard, guide de l&#8217;AGAV, revenez sur les pas du souverain et retrouvez le Verviers de l&#8217;\u00e9poque.\u00a0Emilia guidera votre imagination pour recr\u00e9er des espaces disparus et faire abstraction de b\u00e2timents post\u00e9rieurs&#8230;<\/p>\n<p><a href=\"http:\/\/www.aqualaine.be\/wp-content\/uploads\/2014\/06\/l\u00e9opold-II.jpg\"><img loading=\"lazy\" decoding=\"async\" class=\"alignnone wp-image-388\" src=\"http:\/\/www.aqualaine.be\/wp-content\/uploads\/2014\/06\/l\u00e9opold-II-242x300.jpg\" alt=\"l\u00e9opold II\" width=\"123\" height=\"152\" srcset=\"https:\/\/www.aqualaine.be\/wp-content\/uploads\/2014\/06\/l\u00e9opold-II-242x300.jpg 242w, https:\/\/www.aqualaine.be\/wp-content\/uploads\/2014\/06\/l\u00e9opold-II.jpg 539w\" sizes=\"auto, (max-width: 123px) 100vw, 123px\" \/><\/a><\/p>\n","protected":false},"excerpt":{"rendered":"<p>L&#8217;industrie textile Vervi\u00e9toise est \u00e0 l&#8217;origine de l&#8217;existence du barrage de la Gileppe. L\u00e9opold II en d\u00e9cida la construction dans [&hellip;]<\/p>\n","protected":false},"author":1,"featured_media":0,"parent":0,"menu_order":101,"comment_status":"closed","ping_status":"closed","template":"","meta":{"_acf_changed":false,"footnotes":""},"class_list":["post-701","page","type-page","status-publish","hentry"],"acf":[],"yoast_head":"<!-- This site is optimized with the Yoast SEO plugin v27.5 - https:\/\/yoast.com\/product\/yoast-seo-wordpress\/ -->\n<title>The visit of Leopold II in Verviers - CTLM<\/title>\n<meta name=\"robots\" content=\"index, follow, max-snippet:-1, max-image-preview:large, max-video-preview:-1\" \/>\n<link rel=\"canonical\" href=\"https:\/\/www.aqualaine.be\/en\/the-visit-of-leopold-ii-in-verviers\/\" \/>\n<meta property=\"og:locale\" content=\"en_US\" \/>\n<meta property=\"og:type\" content=\"article\" \/>\n<meta property=\"og:title\" content=\"The visit of Leopold II in Verviers - CTLM\" \/>\n<meta property=\"og:description\" content=\"L&#8217;industrie textile Vervi\u00e9toise est \u00e0 l&#8217;origine de l&#8217;existence du barrage de la Gileppe. L\u00e9opold II en d\u00e9cida la construction dans [&hellip;]\" \/>\n<meta property=\"og:url\" content=\"https:\/\/www.aqualaine.be\/en\/the-visit-of-leopold-ii-in-verviers\/\" \/>\n<meta property=\"og:site_name\" content=\"CTLM\" \/>\n<meta property=\"article:modified_time\" content=\"2023-09-29T08:41:04+00:00\" \/>\n<meta name=\"twitter:card\" content=\"summary_large_image\" \/>\n<script type=\"application\/ld+json\" class=\"yoast-schema-graph\">{\"@context\":\"https:\\\/\\\/schema.org\",\"@graph\":[{\"@type\":\"WebPage\",\"@id\":\"https:\\\/\\\/www.aqualaine.be\\\/en\\\/the-visit-of-leopold-ii-in-verviers\\\/\",\"url\":\"https:\\\/\\\/www.aqualaine.be\\\/en\\\/the-visit-of-leopold-ii-in-verviers\\\/\",\"name\":\"The visit of Leopold II in Verviers - CTLM\",\"isPartOf\":{\"@id\":\"https:\\\/\\\/www.aqualaine.be\\\/#website\"},\"datePublished\":\"2014-09-03T09:20:19+00:00\",\"dateModified\":\"2023-09-29T08:41:04+00:00\",\"breadcrumb\":{\"@id\":\"https:\\\/\\\/www.aqualaine.be\\\/en\\\/the-visit-of-leopold-ii-in-verviers\\\/#breadcrumb\"},\"inLanguage\":\"en-US\",\"potentialAction\":[{\"@type\":\"ReadAction\",\"target\":[\"https:\\\/\\\/www.aqualaine.be\\\/en\\\/the-visit-of-leopold-ii-in-verviers\\\/\"]}]},{\"@type\":\"BreadcrumbList\",\"@id\":\"https:\\\/\\\/www.aqualaine.be\\\/en\\\/the-visit-of-leopold-ii-in-verviers\\\/#breadcrumb\",\"itemListElement\":[{\"@type\":\"ListItem\",\"position\":1,\"name\":\"Accueil\",\"item\":\"https:\\\/\\\/www.aqualaine.be\\\/en\\\/\"},{\"@type\":\"ListItem\",\"position\":2,\"name\":\"The visit of Leopold II in Verviers\"}]},{\"@type\":\"WebSite\",\"@id\":\"https:\\\/\\\/www.aqualaine.be\\\/#website\",\"url\":\"https:\\\/\\\/www.aqualaine.be\\\/\",\"name\":\"CTLM\",\"description\":\"\",\"potentialAction\":[{\"@type\":\"SearchAction\",\"target\":{\"@type\":\"EntryPoint\",\"urlTemplate\":\"https:\\\/\\\/www.aqualaine.be\\\/?s={search_term_string}\"},\"query-input\":{\"@type\":\"PropertyValueSpecification\",\"valueRequired\":true,\"valueName\":\"search_term_string\"}}],\"inLanguage\":\"en-US\"}]}<\/script>\n<!-- \/ Yoast SEO plugin. -->","yoast_head_json":{"title":"The visit of Leopold II in Verviers - CTLM","robots":{"index":"index","follow":"follow","max-snippet":"max-snippet:-1","max-image-preview":"max-image-preview:large","max-video-preview":"max-video-preview:-1"},"canonical":"https:\/\/www.aqualaine.be\/en\/the-visit-of-leopold-ii-in-verviers\/","og_locale":"en_US","og_type":"article","og_title":"The visit of Leopold II in Verviers - CTLM","og_description":"L&#8217;industrie textile Vervi\u00e9toise est \u00e0 l&#8217;origine de l&#8217;existence du barrage de la Gileppe. L\u00e9opold II en d\u00e9cida la construction dans [&hellip;]","og_url":"https:\/\/www.aqualaine.be\/en\/the-visit-of-leopold-ii-in-verviers\/","og_site_name":"CTLM","article_modified_time":"2023-09-29T08:41:04+00:00","twitter_card":"summary_large_image","schema":{"@context":"https:\/\/schema.org","@graph":[{"@type":"WebPage","@id":"https:\/\/www.aqualaine.be\/en\/the-visit-of-leopold-ii-in-verviers\/","url":"https:\/\/www.aqualaine.be\/en\/the-visit-of-leopold-ii-in-verviers\/","name":"The visit of Leopold II in Verviers - CTLM","isPartOf":{"@id":"https:\/\/www.aqualaine.be\/#website"},"datePublished":"2014-09-03T09:20:19+00:00","dateModified":"2023-09-29T08:41:04+00:00","breadcrumb":{"@id":"https:\/\/www.aqualaine.be\/en\/the-visit-of-leopold-ii-in-verviers\/#breadcrumb"},"inLanguage":"en-US","potentialAction":[{"@type":"ReadAction","target":["https:\/\/www.aqualaine.be\/en\/the-visit-of-leopold-ii-in-verviers\/"]}]},{"@type":"BreadcrumbList","@id":"https:\/\/www.aqualaine.be\/en\/the-visit-of-leopold-ii-in-verviers\/#breadcrumb","itemListElement":[{"@type":"ListItem","position":1,"name":"Accueil","item":"https:\/\/www.aqualaine.be\/en\/"},{"@type":"ListItem","position":2,"name":"The visit of Leopold II in Verviers"}]},{"@type":"WebSite","@id":"https:\/\/www.aqualaine.be\/#website","url":"https:\/\/www.aqualaine.be\/","name":"CTLM","description":"","potentialAction":[{"@type":"SearchAction","target":{"@type":"EntryPoint","urlTemplate":"https:\/\/www.aqualaine.be\/?s={search_term_string}"},"query-input":{"@type":"PropertyValueSpecification","valueRequired":true,"valueName":"search_term_string"}}],"inLanguage":"en-US"}]}},"_links":{"self":[{"href":"https:\/\/www.aqualaine.be\/en\/wp-json\/wp\/v2\/pages\/701","targetHints":{"allow":["GET"]}}],"collection":[{"href":"https:\/\/www.aqualaine.be\/en\/wp-json\/wp\/v2\/pages"}],"about":[{"href":"https:\/\/www.aqualaine.be\/en\/wp-json\/wp\/v2\/types\/page"}],"author":[{"embeddable":true,"href":"https:\/\/www.aqualaine.be\/en\/wp-json\/wp\/v2\/users\/1"}],"replies":[{"embeddable":true,"href":"https:\/\/www.aqualaine.be\/en\/wp-json\/wp\/v2\/comments?post=701"}],"version-history":[{"count":3,"href":"https:\/\/www.aqualaine.be\/en\/wp-json\/wp\/v2\/pages\/701\/revisions"}],"predecessor-version":[{"id":2380,"href":"https:\/\/www.aqualaine.be\/en\/wp-json\/wp\/v2\/pages\/701\/revisions\/2380"}],"wp:attachment":[{"href":"https:\/\/www.aqualaine.be\/en\/wp-json\/wp\/v2\/media?parent=701"}],"curies":[{"name":"wp","href":"https:\/\/api.w.org\/{rel}","templated":true}]}}

<p>L&#8217;industrie textile Verviétoise est à l&#8217;origine de l&#8217;existence du barrage de la Gileppe. Léopold II en décida la construction dans le cadre de sa politique de grands travaux. Il l&#8217;inaugura en 1878 et fit à cette occasion une visite de notre ville. Avec Emilia Godard, guide de l&#8217;AGAV, revenez sur les pas du souverain et retrouvez le Verviers de l&#8217;époque. Emilia guidera votre imagination pour recréer des espaces disparus et faire abstraction de bâtiments postérieurs&#8230;</p>
<p><a href="http://www.aqualaine.be/wp-content/uploads/2014/06/léopold-II.jpg"><img loading="lazy" decoding="async" class="alignnone wp-image-388" src="http://www.aqualaine.be/wp-content/uploads/2014/06/léopold-II-242x300.jpg" alt="léopold II" width="123" height="152" srcset="https://www.aqualaine.be/wp-content/uploads/2014/06/léopold-II-242x300.jpg 242w, https://www.aqualaine.be/wp-content/uploads/2014/06/léopold-II.jpg 539w" sizes="auto, (max-width: 123px) 100vw, 123px" /></a></p>

<p>L&#8217;industrie textile Verviétoise est à l&#8217;origine de l&#8217;existence du barrage de la Gileppe. Léopold II en décida la construction dans [&hellip;]</p>

<!-- This site is optimized with the Yoast SEO plugin v27.5 - https://yoast.com/product/yoast-seo-wordpress/ -->
<title>The visit of Leopold II in Verviers - CTLM</title>
<meta name="robots" content="index, follow, max-snippet:-1, max-image-preview:large, max-video-preview:-1" />
<link rel="canonical" href="https://www.aqualaine.be/en/the-visit-of-leopold-ii-in-verviers/" />
<meta property="og:locale" content="en_US" />
<meta property="og:type" content="article" />
<meta property="og:title" content="The visit of Leopold II in Verviers - CTLM" />
<meta property="og:description" content="L&#8217;industrie textile Verviétoise est à l&#8217;origine de l&#8217;existence du barrage de la Gileppe. Léopold II en décida la construction dans [&hellip;]" />
<meta property="og:url" content="https://www.aqualaine.be/en/the-visit-of-leopold-ii-in-verviers/" />
<meta property="og:site_name" content="CTLM" />
<meta property="article:modified_time" content="2023-09-29T08:41:04+00:00" />
<meta name="twitter:card" content="summary_large_image" />
<script type="application/ld+json" class="yoast-schema-graph">{"@context":"https:\/\/schema.org","@graph":[{"@type":"WebPage","@id":"https:\/\/www.aqualaine.be\/en\/the-visit-of-leopold-ii-in-verviers\/","url":"https:\/\/www.aqualaine.be\/en\/the-visit-of-leopold-ii-in-verviers\/","name":"The visit of Leopold II in Verviers - CTLM","isPartOf":{"@id":"https:\/\/www.aqualaine.be\/#website"},"datePublished":"2014-09-03T09:20:19+00:00","dateModified":"2023-09-29T08:41:04+00:00","breadcrumb":{"@id":"https:\/\/www.aqualaine.be\/en\/the-visit-of-leopold-ii-in-verviers\/#breadcrumb"},"inLanguage":"en-US","potentialAction":[{"@type":"ReadAction","target":["https:\/\/www.aqualaine.be\/en\/the-visit-of-leopold-ii-in-verviers\/"]}]},{"@type":"BreadcrumbList","@id":"https:\/\/www.aqualaine.be\/en\/the-visit-of-leopold-ii-in-verviers\/#breadcrumb","itemListElement":[{"@type":"ListItem","position":1,"name":"Accueil","item":"https:\/\/www.aqualaine.be\/en\/"},{"@type":"ListItem","position":2,"name":"The visit of Leopold II in Verviers"}]},{"@type":"WebSite","@id":"https:\/\/www.aqualaine.be\/#website","url":"https:\/\/www.aqualaine.be\/","name":"CTLM","description":"","potentialAction":[{"@type":"SearchAction","target":{"@type":"EntryPoint","urlTemplate":"https:\/\/www.aqualaine.be\/?s={search_term_string}"},"query-input":{"@type":"PropertyValueSpecification","valueRequired":true,"valueName":"search_term_string"}}],"inLanguage":"en-US"}]}</script>
<!-- / Yoast SEO plugin. -->

L&#8217;industrie textile Verviétoise est à l&#8217;origine de l&#8217;existence du barrage de la Gileppe. Léopold II en décida la construction dans [&hellip;]
